What is 143 (base 5) in base 4?
300
Convert 32 (base 8) to base 9.
28
What is 3 (base 12) in base 5?
3
Convert 16 (base 12) to base 2.
10010
Convert 144 (base 8) to base 15.
6a
-2b (base 14) to base 3
-1110
Convert 312 (base 11) to base 7.
1045
Convert -1000000 (base 2) to base 5.
-224
What is 10 (base 3) in base 16?
3
Convert 1 (base 16) to base 3.
1
-44 (base 8) to base 12
-30
Convert 32 (base 7) to base 12.
1b
Convert -133 (base 5) to base 3.
-1121
What is b (base 12) in base 5?
21
What is 2 (base 8) in base 15?
2
What is 70 (base 13) in base 9?
111
110 (base 9) to base 13
6c
What is -8 (base 10) in base 11?
-8
-1000000 (base 2) to base 14
-48
31 (base 5) to base 10
16
4 (base 8) to base 7
4
5b (base 13) to base 12
64
Convert -27 (base 13) to base 9.
-36
15 (base 10) to base 4
33
What is -9 (base 15) in base 10?
-9
-1 (base 8) to base 14
-1
What is -2 (base 12) in base 6?
-2
Convert 2 (base 11) to base 13.
2
Convert 65 (base 9) to base 15.
3e
What is 7 (base 10) in base 4?
13
-2 (base 8) to base 5
-2
What is -1134 (base 5) in base 11?
-144
-54 (base 6) to base 15
-24
Convert 1 (base 13) to base 4.
1
2 (base 14) to base 12
2
Convert -f (base 16) to base 11.
-14
What is 110 (base 14) in base 3?
21210
-302 (base 8) to base 6
-522
What is 1 (base 10) in base 9?
1
Convert -da (base 15) to base 16.
-cd
7 (base 11) to base 15
7
200 (base 3) to base 15
13
Convert -29 (base 14) to base 15.
-27
What is 1 (base 7) in base 13?
1
What is -6c (base 16) in base 7?
-213
Convert -17 (base 12) to base 6.
-31
What is -2 (base 4) in base 16?
-2
15 (base 11) to base 13
13
Convert 151 (base 11) to base 3.
20120
-a5 (base 13) to base 4
-2013
What is 108 (base 15) in base 4?
3221
-35 (base 8) to base 11
-27
What is -11110 (base 2) in base 16?
-1e
-1012 (base 3) to base 13
-26
-4e (base 16) to base 14
-58
What is -3 (base 11) in base 9?
-3
What is -2 (base 5) in base 7?
-2
What is 1 (base 15) in base 3?
1
What is -1210 (base 3) in base 9?
-53
-21 (base 13) to base 6
-43
7 (base 15) to base 6
11
What is -c (base 13) in base 12?
-10
a (base 14) to base 4
22
Convert 53 (base 12) to base 10.
63
b (base 14) to base 2
1011
Convert -1002 (base 3) to base 16.
-1d
Convert 103 (base 6) to base 9.
43
2 (base 4) to base 6
2
-4 (base 8) to base 7
-4
What is 2 (base 14) in base 13?
2
Convert -22 (base 3) to base 7.
-11
151 (base 10) to base 11
128
Convert -106 (base 7) to base 15.
-3a
What is -1 (base 16) in base 8?
-1
What is 220 (base 5) in base 7?
114
What is -2 (base 5) in base 16?
-2
9 (base 10) to base 5
14
Convert 4 (base 5) to base 16.
4
-a (base 13) to base 12
-a
What is -1 (base 16) in base 8?
-1
-12 (base 10) to base 13
-c
What is -7 (base 9) in base 3?
-21
11 (base 3) to base 10
4
Convert -3 (base 7) to base 9.
-3
What is -2022 (base 3) in base 7?
-116
What is -42 (base 13) in base 11?
-4a
-60 (base 11) to base 5
-231
What is -43 (base 16) in base 5?
-232
1 (base 5) to base 15
1
What is -11 (base 3) in base 13?
-4
Convert -270 (base 11) to base 8.
-477
What is 4 (base 5) in base 16?
4
Convert 1000 (base 2) to base 14.
8
What is -110010 (base 2) in base 8?
-62
Convert 6 (base 15) to base 7.
6
-1 (base 14) to base 4
-1
What is 61 (base 8) in base 14?
37
Convert -253 (base 12) to base 3.
-111000
What is -53 (base 7) in base 8?
-46
Convert 123 (base 4) to base 6.
43
What is 227 (base 8) in base 15?
a1
-1 (base 14) to base 10
-1
-11a (base 11) to base 10
-142
-1000010 (base 2) to base 9
-73
211 (base 4) to base 8
45
Convert 1b (base 15) to base 4.
122
-1000 (base 2) to base 8
-10
-1a (base 15) to base 5
-100
Convert -4 (base 8) to base 11.
-4
-1 (base 6) to base 8
-1
What is -b (base 15) in base 12?
-b
Convert -4 (base 12) to base 2.
-100
16 (base 8) to base 13
11
Convert -6b (base 13) to base 7.
-155
Convert 0 (base 3) to base 14.
0
What is 2 (base 4) in base 11?
2
What is -1a3 (base 13) in base 15?
-152
1 (base 9) to base 7
1
6 (base 7) to base 8
6
3102 (base 4) to base 2
11010010
3a (base 14) to base 10
52
Convert -30 (base 8) to base 7.
-33
What is -403 (base 5) in base 13?
-7c
What is 23 (base 11) in base 16?
19
What is 8 (base 16) in base 13?
8
Convert 11 (base 7) to base 3.
22
3 (base 5) to base 8
3
Convert -1 (base 8) to base 3.
-1
Convert -2 (base 4) to base 5.
-2
-112 (base 4) to base 12
-1a
Convert -10 (base 3) to base 4.
-3
101001 (base 2) to base 10
41
What is 1 (base 10) in base 4?
1
What is 3 (base 6) in base 15?
3
-340 (base 6) to base 16
-84
-100101010 (base 2) to base 11
-251
What is -11 (base 4) in base 15?
-5
What is 444 (base 7) in base 6?
1020
Convert 134 (base 8) to base 4.
1130
15 (base 9) to base 15
e
Convert -11120 (base 3) to base 12.
-a3
What is 29 (base 15) in base 13?
30
5 (base 14) to base 8
5
What is -dc (base 14) in base 9?
-235
Convert -1 (base 5) to base 3.
-1
1101 (base 2) to base 15
d
What is -120 (base 3) in base 5?
-30
1 (base 7) to base 11
1
What is -1 (base 10) in base 14?
-1
Convert 3 (base 12) to base 3.
10
-1 (base 4) to base 5
-1
Convert 0 (base 2) to base 11.
0
Convert -31 (base 6) to base 11.
-18
What is 7 (base 9) in base 11?
7
32 (base 4) to base 10
14
What is 1 (base 10) in base 13?
1
Convert -2 (base 4) to base 11.
-2
What is 10101111 (base 2) in base 8?
257
Convert -34 (base 8) to base 11.
-26
Convert -5 (base 16) to base 2.
-101
Convert -14 (base 11) to base 7.
-21
Convert 118 (base 14) to base 12.
162
Convert -6 (base 10) to base 15.
-6
What is 69 (base 10) in base 8?
105
Convert -3 (base 16) to base 9.
-3
-11 (base 8) to base 13
-9
Convert 22 (base 13) to base 15.
1d
-23 (base 14) to base 6
-51
Convert -6 (base 12) to base 3.
-20
Convert 472 (base 8) to base 5.
2224
What is -209 (base 11) in base 15?
-11b
What is -4 (base 13) in base 6?
-4
123 (base 12) to base 10
171
What is -25 (base 6) in base 16?
-11
7e (base 15) to base 7
230
-7 (base 8) to base 2
-111
Convert -12 (base 3) to base 16.
-5
What is 35 (base 14) in base 12?
3b
What is 10 (base 3) in base 6?
3
11 (base 11) to base 10
12
Convert 98 (base 12) to base 3.
11022
Convert 101 (base 2) to base 8.
5
What is 9a (base 13) in base 6?
331
What is 2 (base 11) in base 10?
2
-4 (base 5) to base 13
-4
0 (base 2) to base 14
0
What is 22 (base 16) in base 9?
37
-17 (base 8) to base 13
-12
What is -37 (base 11) in base 12?
-34
a (base 15) to base 12
a
Convert -a (base 15) to base 4.
-22
What is -11 (base 10) in base 8?
-13
What is 7 (base 14) in base 16?
7
Convert 1 (base 15) to base 3.
1
What is 1011010 (base 2) in base 8?
132
What is -160 (base 10) in base 12?
-114
4 (base 7) to base 3
11
Convert 12 (base 16) to base 14.
14
What is -a (base 16) in base 13?
-a
Convert 2 (base 8) to base 3.
2
What is -40 (base 14) in base 8?
-70
What is -15 (base 6) in base 5?
-21
Convert 1 (base 9) to base 2.
1
Convert -55 (base 6) to base 5.
-120
What is 0 (base 6) in base 7?
0
What is -12 (base 3) in base 16?
-5
What is -c5 (base 16) in base 11?
-16a
What is -31 (base 9) in base 16?
-1c
Convert 1 (base 6) to base 16.
1
-202 (base 6) to base 14
-54
Convert 5 (base 16) to base 2.
101
Convert 183 (base 11) to base 15.
e2
What is -25 (base 16) in base 3?
-1101
Convert -21 (base 10) to base 12.
-19
What is -4 (base 10) in base 4?
-10
Convert -9 (base 13) to base 2.
-1001
What is 5 (base 11) in base 14?
5
-21 (base 13) to base 10
-27
Convert -d (base 15) to base 5.
-23
What is 12 (base 9) in base 16?
b
Convert -7 (base 8) to base 3.
-21
Convert -8 (base 14) to base 6.
-12
What is -14 (base 7) in base 12?
-b
-d (base 16) to base 6
-21
What is 5 (base 13) in base 6?
5
5 (base 11) to base 2
101
What is 17 (base 14) in base 5?
41
1 (base 14) to base 2
1
Convert -8 (base 16) to base 10.
-8
What is -2110 (base 3) in base 4?
-1002
Convert 3 (base 5) to base 6.
3
What is -227 (base 9) in base 11?
-160
Convert 135 (base 11) to base 5.
1114
0 (base 10) to base 4
0
What is 12102 (base 3) in base 15?
9b
6 (base 9) to base 2
110
What is -30 (base 6) in base 13?
-15
What is -11 (base 8) in base 16?
-9
What is -26 (base 9) in base 10?
-24
Convert -8 (base 11) to base 15.
-8
-1 (base 13) to base 11
-1
What is 20021 (base 3) in base 13?
100
4 (base 11) to base 6
4
10 (base 6) to base 10
6
-2 (base 15) to base 9
-2
Convert -3 (base 16) to base 9.
-3
What is 1001 (base 2) in base 8?
11
Convert -20 (base 